
Let c be 3*(-3)/((-18)/8). Suppose -6 = -p - 2*p, -3*v - 4*p + 416 = 0. Suppose 0*j = -c*j + v. What is the remainder when j is divided by 12?
10
Suppose 4*d = -d + 140. Let n(z) = z**2 - z - 4. Let y be n(-6). Let t = 48 - y. Calculate the remainder when d is divided by t.
8
Let l = -8 - -19. Let u(k) = 5*k**2. Let r be u(1). Suppose -5*p + 49 = -r*c - 106, 5*p - 155 = -5*c. Calculate the remainder when p is divided by l.
9
Let u = -16 + 13. What is the remainder when 2*u*(-95)/10 is divided by 15?
12
Let s = 303 + -257. What is the remainder when s is divided by 11?
2
Suppose 15*m - 16*m + 27 = 0. Let i = -11 + m. What is the remainder when i is divided by 9?
7
Let j be (-1 - (-66)/3)*3. Let f = 0 + j. Calculate the remainder when f is divided by 23.
17
Let w = 2388 - 2229. What is the remainder when 344 is divided by w?
26
Let m(l) = -5*l**2 + 6 - 3*l**2 + 6 + 7*l**2 + 7*l. Calculate the remainder when 1/3 - (-101)/3 is divided by m(7).
10
Let b = -284 + 367. Calculate the remainder when b is divided by 14.
13
Let a(n) = 9*n + 25. Calculate the remainder when a(13) is divided by 49.
44
Let o = 11 - -9. Let z be 1 + 0/(-3) + 0. Calculate the remainder when o is divided by (0 + z)*7/((-35)/(-40)).
4
Suppose 2*v + 4 = 0, 3*g + 5*v = -2*g + 185. Suppose -3*b + g = -3*z, -3 = -2*z - z. Calculate the remainder when 2/(-7) - (-564)/14 is divided by b.
12
Let m be 6/(-4)*(-8)/3. Suppose -24 = -14*y + 12*y. Let j = y - m. Calculate the remainder when j is divided by 3.
2
Suppose 0 = 2*t + 2*o - 188, 0 = 4*t + 3*o - o - 386. Calculate the remainder when t is divided by 10.
9
Suppose 4 = 2*f - g, -2*g - 5 = 2*f + 3. Suppose f = -z + 36 + 77. What is the remainder when z is divided by 23?
21
Suppose -19*i = -34 - 859. Calculate the remainder when 467 is divided by i.
44
Let o(q) = -q**2 - 13*q + 14. Suppose -2*t + 24 = -2*u + t, 4*u + 48 = 5*t. Let l be o(u). Let f = l - 23. Calculate the remainder when f is divided by 1.
0
Let j = 12 - 12. Suppose j = -t - 20 + 5. Let v = 1 - t. What is the remainder when v is divided by 10?
6
Let k(o) = -2*o**2 + 19*o - 5. Let a be k(13). Suppose v - 2*u + 52 = 0, -v - 5*u - 47 = 26. Let q = v - a. Calculate the remainder when q is divided by 21.
17
Let c be 13/(-4) + 1/4. What is the remainder when 9 is divided by (2/3*c)/((-5)/10)?
1
Suppose -5*a + 3*f + 90 = 0, -8 + 63 = 3*a - 2*f. Calculate the remainder when 89 is divided by a.
14
Let i = -1020 - -1035. What is the remainder when 71 is divided by i?
11
Suppose -r - 4*p = -57, -4*p = 5*r - p - 336. Let s = -107 - -115. Calculate the remainder when r is divided by s.
5
Suppose -2*j + 4*t = -290, 0 = 5*j + 14*t - 18*t - 737. Calculate the remainder when j is divided by 38.
35
Let m be (-4 + 4)/(-1 - -3). Suppose -a + 0*a + 7 = m. Suppose -y = -2*l - 11, y - 3*l - a = l. Calculate the remainder when y is divided by 9.
6
Let g = 253 + -219. What is the remainder when g is divided by 4?
2
Suppose 3*l + 40*w = 43*w + 363, 0 = l - 2*w - 117. What is the remainder when 865 is divided by l?
115
Let z(o) = -o**3 - 6*o**2 + 30*o - 1. What is the remainder when 382 is divided by z(-10)?
85
Let w = -738 + 2586. What is the remainder when 133 is divided by w/54 - 4/18?
31
Let s = 61 + -26. Suppose s = 2*q - 57. Calculate the remainder when q is divided by ((-4)/6)/((-2)/36).
10
Let k(q) = -17 - 19*q + 4*q**2 - 6*q**2 + 2 + 4. Calculate the remainder when 49 is divided by k(-8).
10
Let w(d) = -d**3 + 5*d**2 - 12. Let k(q) = q**3 + 6*q**2 + 5*q + 4. Let p be k(-5). Suppose -g - p = -3*g. What is the remainder when w(3) is divided by g?
0
Let n(h) = 8*h - 12. Let d be 7 - 4 - (-1 - 1). What is the remainder when 83 is divided by n(d)?
27
Let m be ((-1)/(-2)*6)/((-3)/(-8)). What is the remainder when 89 is divided by (38/4 - -2)/(4/m)?
20
Suppose 25*f - 1288 - 287 = 0. What is the remainder when 118 is divided by f?
55
Let m = 249 - 236. Calculate the remainder when 76 is divided by m.
11
Suppose 4*t - 16 - 44 = 0. Suppose 0 = -d - 0*d + 2. What is the remainder when t is divided by 44/12 - d/(-6)?
3
Suppose -11 = -2*l + 1. Let d be ((-13)/3 - 1)/(22/(-33)). Suppose 0 = -5*p + p + d. Calculate the remainder when l is divided by p.
0
Let b be 67/4 + 3/12. What is the remainder when 2*94*2/8 is divided by b + 1 + -3 + 1?
15
Let w = -6 - -10. Suppose c = -1 + w. Calculate the remainder when c is divided by (-42)/63 - 48/(-18).
1
Suppose 0 = -6*n + n + 3*h - 157, n + 36 = -4*h. Let b = 60 + n. What is the remainder when b is divided by 10?
8
Let c(a) = -a + 22. Suppose 8*m - 40 = 3*m. Calculate the remainder when 26 is divided by c(m).
12
Let b = -13 - -48. Suppose -5*u + 349 = -2*l, -205 = 2*u - 5*u - l. Calculate the remainder when u is divided by b.
34
Let i = -2 + -2. Let n(m) = 5*m**2 + 2*m + 1. Suppose -82 = -4*h - 2*t, 5*t = h + 4*h - 80. Calculate the remainder when n(i) is divided by h.
16
Let l(v) = 12*v - 12*v**2 + 0*v**3 + v**3 + 2 - v**3 - v**3. What is the remainder when 56 is divided by l(-13)?
11
Suppose -a - 77 = 3*s + 2*s, -a + 83 = -5*s. Suppose -3 = -r + 4. What is the remainder when (-5136)/(-128) - (-2)/s is divided by r?
5
Suppose -31 = -16*b + 1633. What is the remainder when b is divided by 35?
34
Let i(a) = -a - 4. Let v be i(-7). Suppose 0 = -3*s + v - 0. Calculate the remainder when ((-18)/24)/(2/(-8)*1) is divided by s.
0
Let f = -196 + 215. What is the remainder when f is divided by 8?
3
Suppose -4*q = t - 3, 0*t - 2*t - 20 = -5*q. Suppose -z + n = 3*z - 251, 0 = -z + q*n + 68. Suppose v = -2*v + 63. What is the remainder when z is divided by v?
20
Suppose b = -13*b + 56. Suppose b*t + 185 = 901. Calculate the remainder when t is divided by 14.
11
Suppose 0 = 12*q - 102 + 30. Let k(m) = m + 4. Let w be k(0). Suppose z = -w*f - 3*z + 84, 16 = 4*z. Calculate the remainder when f is divided by q.
5
Let p be ((-1)/5)/((-5)/25). Let i(w) = -p + 8 + 4*w - 2. What is the remainder when i(3) is divided by 5?
2
Calculate the remainder when 71 is divided by (-6 - -4) + 5 - -18.
8
Let b be 0/1 - (-10 - -6). Suppose b - 40 = 4*v. Calculate the remainder when (3/v)/(1/(-39)) is divided by 4.
1
Suppose -17*d + 22*d = 3*w + 916, -914 = -5*d + 2*w. Calculate the remainder when d is divided by 46.
44
Let z = 319 - 207. Suppose 98 = 7*m - z. Suppose 5*w - 3*p = p + 32, -3*p - 10 = -2*w. What is the remainder when m is divided by w?
6
Suppose -332*g + 330*g = -24. Calculate the remainder when 17 is divided by g.
5
Let f(m) = 38*m - 229. Calculate the remainder when f(15) is divided by 38.
37
Let j(y) = y**3 + 12*y**2 - 13*y - 3. Let l be j(-13). Calculate the remainder when (0 - 2) + 2*3 is divided by (-12)/(-9)*l/(-2).
0
Let n(v) = -2*v**3 - 28*v**2 - 4*v - 20. Calculate the remainder when 106 is divided by n(-14).
34
Let j(r) = -7*r - 19. Let v be j(-3). Suppose 452 = 4*m - v*i, i + 226 = 2*m - 3*i. Calculate the remainder when m is divided by 39.
35
Let m(d) = d**3 + 5*d**2 + 2*d - 2. Let o be m(-4). Let s = o + -3. Calculate the remainder when 16 is divided by (4 + (-2)/1)*s.
4
What is the remainder when -9 + 3 + 350/2 is divided by 29?
24
Suppose 3*d - 24 = 3*o, 3*o + 2 = 2*d - 18. Let a(z) = -25*z + 11*z - 33*z - d*z. What is the remainder when a(-1) is divided by 18?
15
Let u(m) = -3*m**3 - m**2 - 2*m - 1. Let v be u(-1). Suppose -15 = -v*y - 2*y. Suppose -8*c + 4*c = -16. What is the remainder when c is divided by y?
1
Suppose 0 = -2*r - 2*r + 40. Let d = -561 - -565. What is the remainder when r is divided by d?
2
Let f = 736 - 654. What is the remainder when 114 is divided by f?
32
Let p = -1655 + 1683. What is the remainder when 253 is divided by p?
1
Let n = 465 - 397. What is the remainder when 542 is divided by n?
66
Suppose -4 = q - 0. Let b be (-11)/22 - (-10)/q. Let y(r) = 2*r**2 - 2*r - 4. Calculate the remainder when y(b) is divided by 6.
2
Let g(q) = -2*q**2 + 3*q + 8. Let v be g(-4). Let s = v - -38. Calculate the remainder when 25 is divided by s.
1
Let s(r) = -23*r + 22. Let v be s(8). Let a be v/(-12) + 3/6. Calculate the remainder when 59 is divided by (-39)/(-2) + 21/a.
17
Let q = 18 - 1. Suppose 0 = 3*j - q + 5. Calculate the remainder when 18 is divided by j.
2
Let i = 10 + -14. Let h(x) = -x**3 - 3*x**2 - 2*x - 4. Let t be h(i). What is th